he prime factors of 35240.
2, 5, 881
List the prime factors of 820.
2, 5, 41
What are the prime factors of 76225?
5, 3049
What are the prime factors of 585?
3, 5, 13
List the prime factors of 5954.
2, 13, 229
What are the prime factors of 6?
2, 3
List the prime factors of 242.
2, 11
List the prime factors of 3510.
2, 3, 5, 13
What are the prime factors of 8015?
5, 7, 229
What are the prime factors of 30494?
2, 79, 193
What are the prime factors of 163838?
2, 81919
What are the prime factors of 22246?
2, 7, 227
What are the prime factors of 406?
2, 7, 29
List the prime factors of 25295.
5, 5059
List the prime factors of 10521.
3, 7, 167
What are the prime factors of 383?
383
List the prime factors of 1011.
3, 337
List the prime factors of 3257.
3257
List the prime factors of 1720.
2, 5, 43
What are the prime factors of 72642?
2, 3, 12107
What are the prime factors of 2920?
2, 5, 73
List the prime factors of 57610.
2, 5, 7, 823
List the prime factors of 3446.
2, 1723
What are the prime factors of 629?
17, 37
List the prime factors of 22961.
22961
List the prime factors of 11420.
2, 5, 571
What are the prime factors of 12028?
2, 31, 97
What are the prime factors of 2154?
2, 3, 359
What are the prime factors of 112623?
3, 7, 31, 173
What are the prime factors of 436?
2, 109
What are the prime factors of 418?
2, 11, 19
What are the prime factors of 186?
2, 3, 31
List the prime factors of 9544.
2, 1193
List the prime factors of 5280.
2, 3, 5, 11
What are the prime factors of 87301?
67, 1303
List the prime factors of 140244.
2, 3, 13, 29, 31
What are the prime factors of 1867?
1867
What are the prime factors of 72?
2, 3
List the prime factors of 1038.
2, 3, 173
List the prime factors of 6124.
2, 1531
What are the prime factors of 33498?
2, 3, 1861
What are the prime factors of 176?
2, 11
What are the prime factors of 3161?
29, 109
List the prime factors of 5845.
5, 7, 167
What are the prime factors of 1040?
2, 5, 13
What are the prime factors of 17676?
2, 3, 491
List the prime factors of 4438.
2, 7, 317
List the prime factors of 28297.
28297
List the prime factors of 2372.
2, 593
What are the prime factors of 15392?
2, 13, 37
What are the prime factors of 37899?
3, 4211
What are the prime factors of 1787?
1787
List the prime factors of 1402.
2, 701
List the prime factors of 833.
7, 17
What are the prime factors of 4554?
2, 3, 11, 23
List the prime factors of 707.
7, 101
List the prime factors of 73849.
73849
List the prime factors of 6530.
2, 5, 653
List the prime factors of 785.
5, 157
List the prime factors of 3095.
5, 619
List the prime factors of 518.
2, 7, 37
List the prime factors of 6.
2, 3
What are the prime factors of 18348?
2, 3, 11, 139
List the prime factors of 23669.
23669
What are the prime factors of 2112?
2, 3, 11
List the prime factors of 9924.
2, 3, 827
List the prime factors of 2364.
2, 3, 197
What are the prime factors of 11705?
5, 2341
List the prime factors of 6810.
2, 3, 5, 227
What are the prime factors of 5324?
2, 11
What are the prime factors of 3148?
2, 787
What are the prime factors of 292?
2, 73
List the prime factors of 1812.
2, 3, 151
List the prime factors of 560.
2, 5, 7
What are the prime factors of 3907?
3907
What are the prime factors of 1265?
5, 11, 23
List the prime factors of 2205.
3, 5, 7
List the prime factors of 874.
2, 19, 23
List the prime factors of 541.
541
What are the prime factors of 67862?
2, 33931
List the prime factors of 19636.
2, 4909
What are the prime factors of 36192?
2, 3, 13, 29
List the prime factors of 206.
2, 103
What are the prime factors of 53195?
5, 10639
What are the prime factors of 5446?
2, 7, 389
What are the prime factors of 1284?
2, 3, 107
List the prime factors of 793.
13, 61
List the prime factors of 1489.
1489
List the prime factors of 13382.
2, 6691
What are the prime factors of 3924?
2, 3, 109
What are the prime factors of 126?
2, 3, 7
What are the prime factors of 542?
2, 271
What are the prime factors of 2131?
2131
List the prime factors of 2675.
5, 107
List the prime factors of 27199.
59, 461
What are the prime factors of 11525?
5, 461
What are the prime factors of 19682?
2, 13, 757
What are the prime factors of 1199?
11, 109
What are the prime factors of 66121?
11, 6011
What are the prime factors of 218?
2, 109
What are the prime factors of 502?
2, 251
List the prime factors of 32082.
2, 3, 5347
List the prime factors of 73788.
2, 3, 11, 13, 43
List the prime factors of 7695.
3, 5, 19
What are the prime factors of 3151?
23, 137
List the prime factors of 106.
2, 53
What are the prime factors of 1752?
2, 3, 73
List the prime factors of 8103.
3, 37, 73
List the prime factors of 2922.
2, 3, 487
What are the prime factors of 3911?
3911
List the prime factors of 7158.
2, 3, 1193
What are the prime factors of 1937?
13, 149
What are the prime factors of 745?
5, 149
What are the prime factors of 1233?
3, 137
List the prime factors of 45155.
5, 11, 821
List the prime factors of 11656.
2, 31, 47
List the prime factors of 2983.
19, 157
List the prime factors of 5139.
3, 571
What are the prime factors of 26031?
3, 8677
List the prime factors of 842.
2, 421
What are the prime factors of 874?
2, 19, 23
What are the prime factors of 10665?
3, 5, 79
What are the prime factors of 2673?
3, 11
List the prime factors of 4381.
13, 337
What are the prime factors of 579?
3, 193
List the prime factors of 36471.
3, 12157
List the prime factors of 1408.
2, 11
What are the prime factors of 13919?
31, 449
List the prime factors of 129227.
7, 18461
List the prime factors of 11505.
3, 5, 13, 59
What are the prime factors of 4356?
2, 3, 11
List the prime factors of 8021.
13, 617
List the prime factors of 3703.
7, 23
List the prime factors of 4358.
2, 2179
List the prime factors of 201.
3, 67
What are the prime factors of 160?
2, 5
List the prime factors of 7957.
73, 109
What are the prime factors of 42854?
2, 7, 3061
List the prime factors of 7422.
2, 3, 1237
List the prime factors of 181.
181
List the prime factors of 28217.
7, 29, 139
List the prime factors of 90315.
3, 5, 223
What are the prime factors of 2902?
2, 1451
List the prime factors of 1665.
3, 5, 37
What are the prime factors of 43977?
3, 107, 137
What are the prime factors of 12910?
2, 5, 1291
What are the prime factors of 97?
97
What are the prime factors of 26434?
2, 13217
List the prime factors of 13363.
7, 23, 83
List the prime factors of 514.
2, 257
List the prime factors of 2579.
2579
What are the prime factors of 9006?
2, 3, 19, 79
What are the prime factors of 25021?
131, 191
What are the prime factors of 120263?
11, 13, 29
What are the prime factors of 1845?
3, 5, 41
List the prime factors of 3599.
59, 61
What are the prime factors of 81206?
2, 19, 2137
List the prime factors of 32459.
7, 4637
List the prime factors of 42481.
23, 1847
What are the prime factors of 1193?
1193
List the prime factors of 59832.
2, 3, 277
List the prime factors of 1393.
7, 199
List the prime factors of 42495.
3, 5, 2833
List the prime factors of 8387.
8387
What are the prime factors of 3399?
3, 11, 103
List the prime factors of 24771.
3, 23, 359
What are the prime factors of 2573?
31, 83
What are the prime factors of 4731?
3, 19, 83
What are the prime factors of 1923?
3, 641
List the prime factors of 1588.
2, 397
What are the prime factors of 1342?
2, 11, 61
What are the prime factors of 885?
3, 5, 59
What are the prime factors of 52?
2, 13
What are the prime factors of 46840?
2, 5, 1171
What are the prime factors of 2597?
7, 53
What are the prime factors of 1405?
5, 281
List the prime factors of 515.
5, 103
List the prime factors of 37142.
2, 7, 379
List the prime factors of 19518.
2, 3, 3253
What are the prime factors of 3752?
2, 7, 67
List the prime factors of 12148.
2, 3037
What are the prime factors of 5034?
2, 3, 839
What are the prime factors of 526?
2, 263
List the prime factors of 69034.
2, 7, 4931
What are the prime factors of 1672?
2, 11, 19
What are the prime factors of 2552?
2, 11, 29
List the prime factors of 1201.
1201
List the prime factors of 38.
2, 19
List the prime factors of 1946.
2, 7, 139
List the prime factors of 5248.
2, 41
List the prime factors of 50905.
5, 10181
List the prime factors of 19589.
19, 1031
List the prime fa